 a composite number?
False
Is 5170463 prime?
True
Is 188614073 prime?
False
Is 29714323 prime?
True
Is 8845789 composite?
False
Is 83491721 a composite number?
True
Is 416797 a prime number?
True
Is 27173483 prime?
False
Is 1548389 a composite number?
False
Is 1913251 composite?
False
Is 4376485 a prime number?
False
Is 77804803 prime?
True
Is 20858491 prime?
False
Is 10789187 a composite number?
False
Is 1510889 prime?
True
Is 58464554 composite?
True
Is 1486445 a composite number?
True
Is 16331057 a composite number?
True
Is 1122409 a composite number?
True
Is 470848451 prime?
True
Is 1747787 a composite number?
True
Is 13635857 a composite number?
False
Is 816162527 composite?
False
Is 1915877 composite?
True
Is 126847603 prime?
False
Is 1573771 composite?
False
Is 18561659 composite?
False
Is 1964393 composite?
True
Is 1601417 a prime number?
False
Is 235139 prime?
False
Is 39569653 prime?
True
Is 5859751 prime?
True
Is 144272417 prime?
False
Is 51953603 a prime number?
False
Is 68798761 a prime number?
True
Is 51398411 prime?
False
Is 35955437 a prime number?
False
Is 42692383 composite?
False
Is 254244821 a prime number?
False
Is 1178126353 prime?
True
Is 2840023 a composite number?
False
Is 6875023 prime?
True
Is 17006078 prime?
False
Is 36027047 a prime number?
False
Is 5580613 a composite number?
False
Is 36688961 composite?
False
Is 1380979207 prime?
False
Is 59939 a composite number?
True
Is 58661807 composite?
True
Is 171173609 a composite number?
True
Is 693157 a prime number?
True
Is 480577109 prime?
True
Is 34325033 a prime number?
True
Is 2057513 composite?
True
Is 310423 prime?
True
Is 1557977 a composite number?
True
Is 13525261 a composite number?
False
Is 228829637 prime?
True
Is 80191169 composite?
True
Is 53691367 a prime number?
True
Is 83935063 prime?
True
Is 11800559 prime?
True
Is 1423003 prime?
True
Is 3090551 a composite number?
False
Is 115499117 composite?
True
Is 287504131 a composite number?
True
Is 127982707 prime?
True
Is 641567 composite?
True
Is 122976313 a composite number?
False
Is 78285313 prime?
False
Is 32366339 a composite number?
False
Is 2064091 a prime number?
False
Is 345953 a prime number?
True
Is 1185941 a prime number?
False
Is 2074181 prime?
False
Is 1199851 a composite number?
False
Is 3476293 composite?
False
Is 3401347 a prime number?
True
Is 374614897 prime?
True
Is 9176983 a prime number?
False
Is 161843 prime?
False
Is 66441811 a prime number?
True
Is 13445413 a composite number?
True
Is 169936174 a prime number?
False
Is 5111839 prime?
False
Is 105862277 a composite number?
False
Is 740321 a composite number?
False
Is 205297 prime?
True
Is 5778781 a prime number?
False
Is 61316483 composite?
False
Is 23838263 a prime number?
True
Is 29792443 composite?
False
Is 394433027 a prime number?
False
Is 711622 a composite number?
True
Is 6431171 composite?
False
Is 27110722 composite?
True
Is 16266851 a composite number?
True
Is 35406829 prime?
True
Is 12719581 composite?
True
Is 218611331 prime?
True
Is 316239073 prime?
False
Is 407562821 a composite number?
False
Is 37831471 a composite number?
True
Is 189977 composite?
False
Is 1666961 a prime number?
False
Is 6634151 prime?
True
Is 24034421 prime?
True
Is 10529373 composite?
True
Is 26964239 a composite number?
True
Is 22116029 a prime number?
False
Is 79229581 a prime number?
True
Is 246038899 a prime number?
True
Is 64689787 composite?
False
Is 2996277 composite?
True
Is 34308899 a prime number?
False
Is 79400273 a prime number?
False
Is 4019341 a composite number?
False
Is 43662407 a composite number?
True
Is 179169323 composite?
True
Is 1872461 a prime number?
True
Is 59900557 prime?
True
Is 3007705 prime?
False
Is 1100179 a composite number?
False
Is 4399873 prime?
True
Is 1227467 prime?
False
Is 476923547 prime?
True
Is 1034816109 a composite number?
True
Is 4903671 a prime number?
False
Is 1384681 a composite number?
True
Is 208698447 a composite number?
True
Is 14064409 a composite number?
False
Is 436907 a composite number?
True
Is 12092006 prime?
False
Is 461639 composite?
False
Is 215767787 a composite number?
False
Is 599231381 a composite number?
True
Is 5589443 a prime number?
True
Is 8025601 prime?
True
Is 16839091 a composite number?
False
Is 5807467 prime?
True
Is 2328049 composite?
True
Is 7080713 a composite number?
False
Is 4162297115 a composite number?
True
Is 172495837 a composite number?
True
Is 31317838 prime?
False
Is 646054271 composite?
True
Is 6264785 composite?
True
Is 1865957 composite?
False
Is 197338619 a composite number?
False
Is 12706681 a prime number?
False
Is 30117823 composite?
True
Is 11791949 a prime number?
False
Is 232392583 composite?
False
Is 12159367 a composite number?
True
Is 131029631 a prime number?
False
Is 43586227 prime?
False
Is 24760481 composite?
False
Is 110306797 a prime number?
True
Is 8016773 composite?
True
Is 2108917 prime?
False
Is 60899879 a composite number?
True
Is 17765381 a composite number?
False
Is 26017529 a composite number?
True
Is 311707087 composite?
True
Is 8932271 a composite number?
False
Is 187072343 a composite number?
False
Is 1048413 composite?
True
Is 23312147 composite?
False
Is 10581647 a composite number?
False
Is 46204367 prime?
False
Is 37224763 a composite number?
False
Is 2730347 a prime number?
True
Is 1181465 composite?
True
Is 21608827 composite?
False
Is 1865791 composite?
False
Is 31629257 a composite number?
True
Is 7899721 a prime number?
False
Is 7139387 a prime number?
False
Is 1647179 prime?
True
Is 186113 a prime number?
True
Is 4570403 prime?
True
Is 37540547 a prime number?
False
Is 93121867 a prime number?
True
Is 9332171 a composite number?
True
Is 64354595 a composite number?
True
Is 49409 a composite number?
False
Is 318229 a composite number?
False
Is 8555683 composite?
False
Is 19284181 prime?
False
Is 30903259 a prime number?
True
Is 90827219 a composite number?
True
Is 3330461 a prime number?
True
Is 121299593 prime?
False
Is 130603001 a composite number?
True
Is 14908627 a prime number?
False
Is 194828759 composite?
False
Is 575530961 prime?
True
Is 30114001 composite?
False
Is 62911229 a prime number?
True
Is 267788221 a composite number?
False
Is 664520647 a prime number?
False
Is 124409 composite?
True
Is 111818099 a prime number?
True
Is 6290881 a prime number?
False
Is 21069337 prime?
False
Is 13660891 composite?
False
Is 3494693 composite?
False
Is 2219927 composite?
True
Is 15784469 composite?
False
Is 557701 a composite number?
True
Is 185636257 a prime number?
True
Is 100720211 composite?
True
Is 3086719 prime?
False
Is 41809 prime?
True
Is 8508121 a prime number?
False
Is 26386561 composite?
False
Is 28986847 composite?
False
Is 116955319 a prime number?
False
Is 1735703 a prime number?
True
Is 46709 composite?
True
Is 108223 a composite number?
False
Is 131383247 a prime number?
True
Is 19904639 a prime number?
False
Is 18659213 a prime number?
True
Is 18269591 prime?
True
Is 16175281 composite?
True
Is 417770783 prime?
True
Is 1090681 a composite number?
False
Is 959533 a composite number?
False
Is 51973331 prime?
True
Is 8732791 prime?
False
Is 6558791 composite?
False
Is 16607333 prime?
True
Is 383898499 a composite number?
False
Is 11861083 a composite number?
True
Is 32611897 a composite number?
False
Is 10423249 a prime number?
True
Is 702439 a composite number?
False
Is 41333 prime?
True
Is 23284609 composite?
True
Is 219074927 a prime number?
True
Is 29896073 prime?
True
Is 79871773 prime?
True
Is 3371209 composite?
False
Is 89257433 a composite number?
True
Is 147193097 a composite number?
False
Is 4157591 prime?
True
Is 1902569 a composite number?
False
Is 11317123 prime?
True
Is 77177 composite?
True
Is 3922889 composite?
True
Is 716379199 composite?
True
Is 1144283 a composite number?
True
Is 1419469 a composite number?
False
Is 26113511 a prime number?
True
Is 443281 a composite number?
False
Is 68741443 a prime number?
True
Is 4989506 prime?
False
Is 7394459 composite?
False
Is 573641467 prime?
False
Is 188706229 composite?
True
Is 185887223 composite?
True
Is 754582 a prime number?
False
Is 716911 a composite number?
True
Is 155357 a prime number?
False
Is 6070657 prime?
False
Is 29358709 composite?
